{"id":1095,"date":"2024-06-22T12:35:32","date_gmt":"2024-06-22T10:35:32","guid":{"rendered":"https:\/\/www.mgv-hainchen.de\/site\/?page_id=1095"},"modified":"2026-03-01T13:41:38","modified_gmt":"2026-03-01T12:41:38","slug":"sponsoren","status":"publish","type":"page","link":"https:\/\/www.mgv-hainchen.de\/site\/?page_id=1095","title":{"rendered":"Sponsoren"},"content":{"rendered":"\t\t<div data-elementor-type=\"wp-page\" data-elementor-id=\"1095\" class=\"elementor elementor-1095\">\n\t\t\t\t\t\t<section class=\"elementor-section elementor-top-section elementor-element elementor-element-4b263b7 elementor-section-boxed elementor-section-height-default elementor-section-height-default\" data-id=\"4b263b7\" data-element_type=\"section\">\n\t\t\t\t\t\t<div class=\"elementor-container elementor-column-gap-default\">\n\t\t\t\t\t<div class=\"elementor-column elementor-col-100 elementor-top-column elementor-element elementor-element-fc20084\" data-id=\"fc20084\" data-element_type=\"column\">\n\t\t\t<div class=\"elementor-widget-wrap elementor-element-populated\">\n\t\t\t\t\t\t<div class=\"elementor-element elementor-element-a18563b elementor-widget elementor-widget-spacer\" data-id=\"a18563b\" data-element_type=\"widget\" data-widget_type=\"spacer.default\">\n\t\t\t\t<div class=\"elementor-widget-container\">\n\t\t\t\t\t\t\t<div class=\"elementor-spacer\">\n\t\t\t<div class=\"elementor-spacer-inner\"><\/div>\n\t\t<\/div>\n\t\t\t\t\t\t<\/div>\n\t\t\t\t<\/div>\n\t\t\t\t<div class=\"elementor-element elementor-element-1218189 elementor-widget-divider--view-line elementor-widget elementor-widget-divider\" data-id=\"1218189\" data-element_type=\"widget\" data-widget_type=\"divider.default\">\n\t\t\t\t<div class=\"elementor-widget-container\">\n\t\t\t\t\t\t\t<div class=\"elementor-divider\">\n\t\t\t<span class=\"elementor-divider-separator\">\n\t\t\t\t\t\t<\/span>\n\t\t<\/div>\n\t\t\t\t\t\t<\/div>\n\t\t\t\t<\/div>\n\t\t\t\t<div class=\"elementor-element elementor-element-3544bff elementor-widget elementor-widget-heading\" data-id=\"3544bff\" data-element_type=\"widget\" data-widget_type=\"heading.default\">\n\t\t\t\t<div class=\"elementor-widget-container\">\n\t\t\t\t\t<h2 class=\"elementor-heading-title elementor-size-default\">Unsere Sponsoren<\/h2>\t\t\t\t<\/div>\n\t\t\t\t<\/div>\n\t\t\t\t<div class=\"elementor-element elementor-element-9ed4a0f elementor-widget elementor-widget-heading\" data-id=\"9ed4a0f\" data-element_type=\"widget\" data-widget_type=\"heading.default\">\n\t\t\t\t<div class=\"elementor-widget-container\">\n\t\t\t\t\t<p class=\"elementor-heading-title elementor-size-default\">Wir m\u00f6chten uns herzlich bei all unseren Sponsoren bedanken, die uns tatkr\u00e4ftig unterst\u00fctzen und unsere musikalische Reise erst erm\u00f6glichen. Auf dieser Seite finden Sie eine \u00dcbersicht aller Sponsoren, deren Beitr\u00e4ge ma\u00dfgeblich zum Erfolg unseres Gesangsvereins beigetragen haben. Ihre Unterst\u00fctzung ist f\u00fcr uns von unsch\u00e4tzbarem Wert und wir sind dankbar f\u00fcr das Vertrauen und die Partnerschaft, die Sie uns entgegenbringen. Vielen Dank!<\/p>\t\t\t\t<\/div>\n\t\t\t\t<\/div>\n\t\t\t\t<div class=\"elementor-element elementor-element-c918fb5 gallery-spacing-custom elementor-widget elementor-widget-image-gallery\" data-id=\"c918fb5\" data-element_type=\"widget\" data-widget_type=\"image-gallery.default\">\n\t\t\t\t<div class=\"elementor-widget-container\">\n\t\t\t\t\t\t\t<div class=\"elementor-image-gallery\">\n\t\t\t<div id='gallery-1' class='gallery galleryid-1095 gallery-columns-2 gallery-size-full'><figure class='gallery-item'>\n\t\t\t<div class='gallery-icon landscape'>\n\t\t\t\t<img fetchpriority=\"high\" decoding=\"async\" width=\"1157\" height=\"155\" src=\"https:\/\/www.mgv-hainchen.de\/site\/wp-content\/uploads\/2024\/06\/Logo_Steuermanufaktur_GmbH_mU.jpg\" class=\"attachment-full size-full\" alt=\"\" srcset=\"https:\/\/www.mgv-hainchen.de\/site\/wp-content\/uploads\/2024\/06\/Logo_Steuermanufaktur_GmbH_mU.jpg 1157w, https:\/\/www.mgv-hainchen.de\/site\/wp-content\/uploads\/2024\/06\/Logo_Steuermanufaktur_GmbH_mU-300x40.jpg 300w, https:\/\/www.mgv-hainchen.de\/site\/wp-content\/uploads\/2024\/06\/Logo_Steuermanufaktur_GmbH_mU-1024x137.jpg 1024w, https:\/\/www.mgv-hainchen.de\/site\/wp-content\/uploads\/2024\/06\/Logo_Steuermanufaktur_GmbH_mU-768x103.jpg 768w\" sizes=\"(max-width: 1157px) 100vw, 1157px\" \/>\n\t\t\t<\/div><\/figure><figure class='gallery-item'>\n\t\t\t<div class='gallery-icon landscape'>\n\t\t\t\t<img decoding=\"async\" width=\"3171\" height=\"480\" src=\"https:\/\/www.mgv-hainchen.de\/site\/wp-content\/uploads\/2024\/06\/Buedenbender_Logo.png\" class=\"attachment-full size-full\" alt=\"\" srcset=\"https:\/\/www.mgv-hainchen.de\/site\/wp-content\/uploads\/2024\/06\/Buedenbender_Logo.png 3171w, https:\/\/www.mgv-hainchen.de\/site\/wp-content\/uploads\/2024\/06\/Buedenbender_Logo-300x45.png 300w, https:\/\/www.mgv-hainchen.de\/site\/wp-content\/uploads\/2024\/06\/Buedenbender_Logo-1024x155.png 1024w, https:\/\/www.mgv-hainchen.de\/site\/wp-content\/uploads\/2024\/06\/Buedenbender_Logo-768x116.png 768w, https:\/\/www.mgv-hainchen.de\/site\/wp-content\/uploads\/2024\/06\/Buedenbender_Logo-1536x233.png 1536w, https:\/\/www.mgv-hainchen.de\/site\/wp-content\/uploads\/2024\/06\/Buedenbender_Logo-2048x310.png 2048w\" sizes=\"(max-width: 3171px) 100vw, 3171px\" \/>\n\t\t\t<\/div><\/figure><figure class='gallery-item'>\n\t\t\t<div class='gallery-icon landscape'>\n\t\t\t\t<img decoding=\"async\" width=\"3042\" height=\"588\" src=\"https:\/\/www.mgv-hainchen.de\/site\/wp-content\/uploads\/2024\/06\/Siconia_Logo_2019.png\" class=\"attachment-full size-full\" alt=\"\" srcset=\"https:\/\/www.mgv-hainchen.de\/site\/wp-content\/uploads\/2024\/06\/Siconia_Logo_2019.png 3042w, https:\/\/www.mgv-hainchen.de\/site\/wp-content\/uploads\/2024\/06\/Siconia_Logo_2019-300x58.png 300w, https:\/\/www.mgv-hainchen.de\/site\/wp-content\/uploads\/2024\/06\/Siconia_Logo_2019-1024x198.png 1024w, https:\/\/www.mgv-hainchen.de\/site\/wp-content\/uploads\/2024\/06\/Siconia_Logo_2019-768x148.png 768w, https:\/\/www.mgv-hainchen.de\/site\/wp-content\/uploads\/2024\/06\/Siconia_Logo_2019-1536x297.png 1536w, https:\/\/www.mgv-hainchen.de\/site\/wp-content\/uploads\/2024\/06\/Siconia_Logo_2019-2048x396.png 2048w\" sizes=\"(max-width: 3042px) 100vw, 3042px\" \/>\n\t\t\t<\/div><\/figure><figure class='gallery-item'>\n\t\t\t<div class='gallery-icon landscape'>\n\t\t\t\t<img loading=\"lazy\" decoding=\"async\" width=\"1457\" height=\"349\" src=\"https:\/\/www.mgv-hainchen.de\/site\/wp-content\/uploads\/2024\/06\/Logo_Martin_Meier_Handwerkservice.jpg\" class=\"attachment-full size-full\" alt=\"\" srcset=\"https:\/\/www.mgv-hainchen.de\/site\/wp-content\/uploads\/2024\/06\/Logo_Martin_Meier_Handwerkservice.jpg 1457w, https:\/\/www.mgv-hainchen.de\/site\/wp-content\/uploads\/2024\/06\/Logo_Martin_Meier_Handwerkservice-300x72.jpg 300w, https:\/\/www.mgv-hainchen.de\/site\/wp-content\/uploads\/2024\/06\/Logo_Martin_Meier_Handwerkservice-1024x245.jpg 1024w, https:\/\/www.mgv-hainchen.de\/site\/wp-content\/uploads\/2024\/06\/Logo_Martin_Meier_Handwerkservice-768x184.jpg 768w\" sizes=\"(max-width: 1457px) 100vw, 1457px\" \/>\n\t\t\t<\/div><\/figure><figure class='gallery-item'>\n\t\t\t<div class='gallery-icon landscape'>\n\t\t\t\t<img loading=\"lazy\" decoding=\"async\" width=\"3209\" height=\"555\" src=\"https:\/\/www.mgv-hainchen.de\/site\/wp-content\/uploads\/2024\/06\/2017_ROT-Logo-mit-Claim-4c.png\" class=\"attachment-full size-full\" alt=\"\" srcset=\"https:\/\/www.mgv-hainchen.de\/site\/wp-content\/uploads\/2024\/06\/2017_ROT-Logo-mit-Claim-4c.png 3209w, https:\/\/www.mgv-hainchen.de\/site\/wp-content\/uploads\/2024\/06\/2017_ROT-Logo-mit-Claim-4c-300x52.png 300w, https:\/\/www.mgv-hainchen.de\/site\/wp-content\/uploads\/2024\/06\/2017_ROT-Logo-mit-Claim-4c-1024x177.png 1024w, https:\/\/www.mgv-hainchen.de\/site\/wp-content\/uploads\/2024\/06\/2017_ROT-Logo-mit-Claim-4c-768x133.png 768w, https:\/\/www.mgv-hainchen.de\/site\/wp-content\/uploads\/2024\/06\/2017_ROT-Logo-mit-Claim-4c-1536x266.png 1536w, https:\/\/www.mgv-hainchen.de\/site\/wp-content\/uploads\/2024\/06\/2017_ROT-Logo-mit-Claim-4c-2048x354.png 2048w\" sizes=\"(max-width: 3209px) 100vw, 3209px\" \/>\n\t\t\t<\/div><\/figure><figure class='gallery-item'>\n\t\t\t<div class='gallery-icon landscape'>\n\t\t\t\t<img loading=\"lazy\" decoding=\"async\" width=\"2362\" height=\"578\" src=\"https:\/\/www.mgv-hainchen.de\/site\/wp-content\/uploads\/2024\/12\/Scholl-Bansen-Logo-U\u2560eberarbeitung-11_2017-schwarz-.png\" class=\"attachment-full size-full\" alt=\"\" srcset=\"https:\/\/www.mgv-hainchen.de\/site\/wp-content\/uploads\/2024\/12\/Scholl-Bansen-Logo-U\u2560eberarbeitung-11_2017-schwarz-.png 2362w, https:\/\/www.mgv-hainchen.de\/site\/wp-content\/uploads\/2024\/12\/Scholl-Bansen-Logo-U\u2560eberarbeitung-11_2017-schwarz--300x73.png 300w, https:\/\/www.mgv-hainchen.de\/site\/wp-content\/uploads\/2024\/12\/Scholl-Bansen-Logo-U\u2560eberarbeitung-11_2017-schwarz--1024x251.png 1024w, https:\/\/www.mgv-hainchen.de\/site\/wp-content\/uploads\/2024\/12\/Scholl-Bansen-Logo-U\u2560eberarbeitung-11_2017-schwarz--768x188.png 768w, https:\/\/www.mgv-hainchen.de\/site\/wp-content\/uploads\/2024\/12\/Scholl-Bansen-Logo-U\u2560eberarbeitung-11_2017-schwarz--1536x376.png 1536w, https:\/\/www.mgv-hainchen.de\/site\/wp-content\/uploads\/2024\/12\/Scholl-Bansen-Logo-U\u2560eberarbeitung-11_2017-schwarz--2048x501.png 2048w\" sizes=\"(max-width: 2362px) 100vw, 2362px\" \/>\n\t\t\t<\/div><\/figure><figure class='gallery-item'>\n\t\t\t<div class='gallery-icon landscape'>\n\t\t\t\t<img loading=\"lazy\" decoding=\"async\" width=\"986\" height=\"323\" src=\"https:\/\/www.mgv-hainchen.de\/site\/wp-content\/uploads\/2024\/06\/Hoerenswert_Logo_Wortmarke_cmyk_300dpi.jpg\" class=\"attachment-full size-full\" alt=\"\" srcset=\"https:\/\/www.mgv-hainchen.de\/site\/wp-content\/uploads\/2024\/06\/Hoerenswert_Logo_Wortmarke_cmyk_300dpi.jpg 986w, https:\/\/www.mgv-hainchen.de\/site\/wp-content\/uploads\/2024\/06\/Hoerenswert_Logo_Wortmarke_cmyk_300dpi-300x98.jpg 300w, https:\/\/www.mgv-hainchen.de\/site\/wp-content\/uploads\/2024\/06\/Hoerenswert_Logo_Wortmarke_cmyk_300dpi-768x252.jpg 768w\" sizes=\"(max-width: 986px) 100vw, 986px\" \/>\n\t\t\t<\/div><\/figure><figure class='gallery-item'>\n\t\t\t<div class='gallery-icon landscape'>\n\t\t\t\t<img loading=\"lazy\" decoding=\"async\" width=\"480\" height=\"242\" src=\"https:\/\/www.mgv-hainchen.de\/site\/wp-content\/uploads\/2024\/12\/alianz.png\" class=\"attachment-full size-full\" alt=\"\" srcset=\"https:\/\/www.mgv-hainchen.de\/site\/wp-content\/uploads\/2024\/12\/alianz.png 480w, https:\/\/www.mgv-hainchen.de\/site\/wp-content\/uploads\/2024\/12\/alianz-300x151.png 300w\" sizes=\"(max-width: 480px) 100vw, 480px\" \/>\n\t\t\t<\/div><\/figure><figure class='gallery-item'>\n\t\t\t<div class='gallery-icon landscape'>\n\t\t\t\t<img loading=\"lazy\" decoding=\"async\" width=\"950\" height=\"242\" src=\"https:\/\/www.mgv-hainchen.de\/site\/wp-content\/uploads\/2024\/12\/buedenbender.png\" class=\"attachment-full size-full\" alt=\"\" srcset=\"https:\/\/www.mgv-hainchen.de\/site\/wp-content\/uploads\/2024\/12\/buedenbender.png 950w, https:\/\/www.mgv-hainchen.de\/site\/wp-content\/uploads\/2024\/12\/buedenbender-300x76.png 300w, https:\/\/www.mgv-hainchen.de\/site\/wp-content\/uploads\/2024\/12\/buedenbender-768x196.png 768w\" sizes=\"(max-width: 950px) 100vw, 950px\" \/>\n\t\t\t<\/div><\/figure><figure class='gallery-item'>\n\t\t\t<div class='gallery-icon landscape'>\n\t\t\t\t<img loading=\"lazy\" decoding=\"async\" width=\"475\" height=\"242\" src=\"https:\/\/www.mgv-hainchen.de\/site\/wp-content\/uploads\/2024\/12\/jensschiller.png\" class=\"attachment-full size-full\" alt=\"\" srcset=\"https:\/\/www.mgv-hainchen.de\/site\/wp-content\/uploads\/2024\/12\/jensschiller.png 475w, https:\/\/www.mgv-hainchen.de\/site\/wp-content\/uploads\/2024\/12\/jensschiller-300x153.png 300w\" sizes=\"(max-width: 475px) 100vw, 475px\" \/>\n\t\t\t<\/div><\/figure><figure class='gallery-item'>\n\t\t\t<div class='gallery-icon landscape'>\n\t\t\t\t<img loading=\"lazy\" decoding=\"async\" width=\"480\" height=\"242\" src=\"https:\/\/www.mgv-hainchen.de\/site\/wp-content\/uploads\/2024\/12\/kleinnoeh.png\" class=\"attachment-full size-full\" alt=\"\" srcset=\"https:\/\/www.mgv-hainchen.de\/site\/wp-content\/uploads\/2024\/12\/kleinnoeh.png 480w, https:\/\/www.mgv-hainchen.de\/site\/wp-content\/uploads\/2024\/12\/kleinnoeh-300x151.png 300w\" sizes=\"(max-width: 480px) 100vw, 480px\" \/>\n\t\t\t<\/div><\/figure><figure class='gallery-item'>\n\t\t\t<div class='gallery-icon landscape'>\n\t\t\t\t<img loading=\"lazy\" decoding=\"async\" width=\"475\" height=\"242\" src=\"https:\/\/www.mgv-hainchen.de\/site\/wp-content\/uploads\/2024\/12\/muench.png\" class=\"attachment-full size-full\" alt=\"\" srcset=\"https:\/\/www.mgv-hainchen.de\/site\/wp-content\/uploads\/2024\/12\/muench.png 475w, https:\/\/www.mgv-hainchen.de\/site\/wp-content\/uploads\/2024\/12\/muench-300x153.png 300w\" sizes=\"(max-width: 475px) 100vw, 475px\" \/>\n\t\t\t<\/div><\/figure><figure class='gallery-item'>\n\t\t\t<div class='gallery-icon landscape'>\n\t\t\t\t<img loading=\"lazy\" decoding=\"async\" width=\"567\" height=\"331\" src=\"https:\/\/www.mgv-hainchen.de\/site\/wp-content\/uploads\/2024\/06\/Schneider_Mechanik_Logo_RGB.png\" class=\"attachment-full size-full\" alt=\"\" srcset=\"https:\/\/www.mgv-hainchen.de\/site\/wp-content\/uploads\/2024\/06\/Schneider_Mechanik_Logo_RGB.png 567w, https:\/\/www.mgv-hainchen.de\/site\/wp-content\/uploads\/2024\/06\/Schneider_Mechanik_Logo_RGB-300x175.png 300w\" sizes=\"(max-width: 567px) 100vw, 567px\" \/>\n\t\t\t<\/div><\/figure><figure class='gallery-item'>\n\t\t\t<div class='gallery-icon landscape'>\n\t\t\t\t<img loading=\"lazy\" decoding=\"async\" width=\"475\" height=\"242\" src=\"https:\/\/www.mgv-hainchen.de\/site\/wp-content\/uploads\/2024\/12\/schmick.png\" class=\"attachment-full size-full\" alt=\"\" srcset=\"https:\/\/www.mgv-hainchen.de\/site\/wp-content\/uploads\/2024\/12\/schmick.png 475w, https:\/\/www.mgv-hainchen.de\/site\/wp-content\/uploads\/2024\/12\/schmick-300x153.png 300w\" sizes=\"(max-width: 475px) 100vw, 475px\" \/>\n\t\t\t<\/div><\/figure><figure class='gallery-item'>\n\t\t\t<div class='gallery-icon landscape'>\n\t\t\t\t<img loading=\"lazy\" decoding=\"async\" width=\"9449\" height=\"7087\" src=\"https:\/\/www.mgv-hainchen.de\/site\/wp-content\/uploads\/2024\/06\/Wust-Holzbearbeitung_Schild-800x600mm_0224_240318_082708.png\" class=\"attachment-full size-full\" alt=\"\" srcset=\"https:\/\/www.mgv-hainchen.de\/site\/wp-content\/uploads\/2024\/06\/Wust-Holzbearbeitung_Schild-800x600mm_0224_240318_082708.png 9449w, https:\/\/www.mgv-hainchen.de\/site\/wp-content\/uploads\/2024\/06\/Wust-Holzbearbeitung_Schild-800x600mm_0224_240318_082708-300x225.png 300w, https:\/\/www.mgv-hainchen.de\/site\/wp-content\/uploads\/2024\/06\/Wust-Holzbearbeitung_Schild-800x600mm_0224_240318_082708-1024x768.png 1024w, https:\/\/www.mgv-hainchen.de\/site\/wp-content\/uploads\/2024\/06\/Wust-Holzbearbeitung_Schild-800x600mm_0224_240318_082708-768x576.png 768w, https:\/\/www.mgv-hainchen.de\/site\/wp-content\/uploads\/2024\/06\/Wust-Holzbearbeitung_Schild-800x600mm_0224_240318_082708-1536x1152.png 1536w\" sizes=\"(max-width: 9449px) 100vw, 9449px\" \/>\n\t\t\t<\/div><\/figure><figure class='gallery-item'>\n\t\t\t<div class='gallery-icon landscape'>\n\t\t\t\t<img loading=\"lazy\" decoding=\"async\" width=\"7016\" height=\"4961\" src=\"https:\/\/www.mgv-hainchen.de\/site\/wp-content\/uploads\/2024\/06\/Werbung-Hainchen.png\" class=\"attachment-full size-full\" alt=\"\" srcset=\"https:\/\/www.mgv-hainchen.de\/site\/wp-content\/uploads\/2024\/06\/Werbung-Hainchen.png 7016w, https:\/\/www.mgv-hainchen.de\/site\/wp-content\/uploads\/2024\/06\/Werbung-Hainchen-300x212.png 300w, https:\/\/www.mgv-hainchen.de\/site\/wp-content\/uploads\/2024\/06\/Werbung-Hainchen-1024x724.png 1024w, https:\/\/www.mgv-hainchen.de\/site\/wp-content\/uploads\/2024\/06\/Werbung-Hainchen-768x543.png 768w, https:\/\/www.mgv-hainchen.de\/site\/wp-content\/uploads\/2024\/06\/Werbung-Hainchen-1536x1086.png 1536w, https:\/\/www.mgv-hainchen.de\/site\/wp-content\/uploads\/2024\/06\/Werbung-Hainchen-2048x1448.png 2048w\" sizes=\"(max-width: 7016px) 100vw, 7016px\" \/>\n\t\t\t<\/div><\/figure><figure class='gallery-item'>\n\t\t\t<div class='gallery-icon landscape'>\n\t\t\t\t<img loading=\"lazy\" decoding=\"async\" width=\"2560\" height=\"1277\" src=\"https:\/\/www.mgv-hainchen.de\/site\/wp-content\/uploads\/2026\/03\/11121-Werbepartner-Ortseingang-Klotz-scaled.jpg\" class=\"attachment-full size-full\" alt=\"\" srcset=\"https:\/\/www.mgv-hainchen.de\/site\/wp-content\/uploads\/2026\/03\/11121-Werbepartner-Ortseingang-Klotz-scaled.jpg 2560w, https:\/\/www.mgv-hainchen.de\/site\/wp-content\/uploads\/2026\/03\/11121-Werbepartner-Ortseingang-Klotz-300x150.jpg 300w, https:\/\/www.mgv-hainchen.de\/site\/wp-content\/uploads\/2026\/03\/11121-Werbepartner-Ortseingang-Klotz-1024x511.jpg 1024w, https:\/\/www.mgv-hainchen.de\/site\/wp-content\/uploads\/2026\/03\/11121-Werbepartner-Ortseingang-Klotz-768x383.jpg 768w, https:\/\/www.mgv-hainchen.de\/site\/wp-content\/uploads\/2026\/03\/11121-Werbepartner-Ortseingang-Klotz-1536x766.jpg 1536w, https:\/\/www.mgv-hainchen.de\/site\/wp-content\/uploads\/2026\/03\/11121-Werbepartner-Ortseingang-Klotz-2048x1021.jpg 2048w\" sizes=\"(max-width: 2560px) 100vw, 2560px\" \/>\n\t\t\t<\/div><\/figure><figure class='gallery-item'>\n\t\t\t<div class='gallery-icon landscape'>\n\t\t\t\t<img loading=\"lazy\" decoding=\"async\" width=\"2560\" height=\"1278\" src=\"https:\/\/www.mgv-hainchen.de\/site\/wp-content\/uploads\/2026\/03\/11121-Werbepartner-Ortseingang-Fricke-scaled.jpg\" class=\"attachment-full size-full\" alt=\"\" srcset=\"https:\/\/www.mgv-hainchen.de\/site\/wp-content\/uploads\/2026\/03\/11121-Werbepartner-Ortseingang-Fricke-scaled.jpg 2560w, https:\/\/www.mgv-hainchen.de\/site\/wp-content\/uploads\/2026\/03\/11121-Werbepartner-Ortseingang-Fricke-300x150.jpg 300w, https:\/\/www.mgv-hainchen.de\/site\/wp-content\/uploads\/2026\/03\/11121-Werbepartner-Ortseingang-Fricke-1024x511.jpg 1024w, https:\/\/www.mgv-hainchen.de\/site\/wp-content\/uploads\/2026\/03\/11121-Werbepartner-Ortseingang-Fricke-768x383.jpg 768w, https:\/\/www.mgv-hainchen.de\/site\/wp-content\/uploads\/2026\/03\/11121-Werbepartner-Ortseingang-Fricke-1536x767.jpg 1536w, https:\/\/www.mgv-hainchen.de\/site\/wp-content\/uploads\/2026\/03\/11121-Werbepartner-Ortseingang-Fricke-2048x1022.jpg 2048w\" sizes=\"(max-width: 2560px) 100vw, 2560px\" \/>\n\t\t\t<\/div><\/figure>\n\t\t<\/div>\n\t\t<\/div>\n\t\t\t\t\t\t<\/div>\n\t\t\t\t<\/div>\n\t\t\t\t\t<\/div>\n\t\t<\/div>\n\t\t\t\t\t<\/div>\n\t\t<\/section>\n\t\t\t\t<\/div>\n\t\t","protected":false},"excerpt":{"rendered":"<p>Unsere Sponsoren Wir m\u00f6chten uns herzlich bei all unseren Sponsoren bedanken, die uns tatkr\u00e4ftig unterst\u00fctzen und unsere musikalische Reise erst erm\u00f6glichen. Auf dieser Seite finden Sie eine \u00dcbersicht aller Sponsoren, deren Beitr\u00e4ge ma\u00dfgeblich zum Erfolg unseres Gesangsvereins beigetragen haben. Ihre Unterst\u00fctzung ist f\u00fcr uns von unsch\u00e4tzbarem Wert und wir sind dankbar f\u00fcr das Vertrauen und [&hellip;]<\/p>\n","protected":false},"author":1,"featured_media":0,"parent":0,"menu_order":0,"comment_status":"closed","ping_status":"closed","template":"elementor_header_footer","meta":{"_acf_changed":false,"ocean_post_layout":"","ocean_both_sidebars_style":"","ocean_both_sidebars_content_width":0,"ocean_both_sidebars_sidebars_width":0,"ocean_sidebar":"","ocean_second_sidebar":"","ocean_disable_margins":"enable","ocean_add_body_class":"","ocean_shortcode_before_top_bar":"","ocean_shortcode_after_top_bar":"","ocean_shortcode_before_header":"","ocean_shortcode_after_header":"","ocean_has_shortcode":"","ocean_shortcode_after_title":"","ocean_shortcode_before_footer_widgets":"","ocean_shortcode_after_footer_widgets":"","ocean_shortcode_before_footer_bottom":"","ocean_shortcode_after_footer_bottom":"","ocean_display_top_bar":"default","ocean_display_header":"default","ocean_header_style":"","ocean_center_header_left_menu":"","ocean_custom_header_template":"","ocean_custom_logo":0,"ocean_custom_retina_logo":0,"ocean_custom_logo_max_width":0,"ocean_custom_logo_tablet_max_width":0,"ocean_custom_logo_mobile_max_width":0,"ocean_custom_logo_max_height":0,"ocean_custom_logo_tablet_max_height":0,"ocean_custom_logo_mobile_max_height":0,"ocean_header_custom_menu":"","ocean_menu_typo_font_family":"","ocean_menu_typo_font_subset":"","ocean_menu_typo_font_size":0,"ocean_menu_typo_font_size_tablet":0,"ocean_menu_typo_font_size_mobile":0,"ocean_menu_typo_font_size_unit":"px","ocean_menu_typo_font_weight":"","ocean_menu_typo_font_weight_tablet":"","ocean_menu_typo_font_weight_mobile":"","ocean_menu_typo_transform":"","ocean_menu_typo_transform_tablet":"","ocean_menu_typo_transform_mobile":"","ocean_menu_typo_line_height":0,"ocean_menu_typo_line_height_tablet":0,"ocean_menu_typo_line_height_mobile":0,"ocean_menu_typo_line_height_unit":"","ocean_menu_typo_spacing":0,"ocean_menu_typo_spacing_tablet":0,"ocean_menu_typo_spacing_mobile":0,"ocean_menu_typo_spacing_unit":"","ocean_menu_link_color":"","ocean_menu_link_color_hover":"","ocean_menu_link_color_active":"","ocean_menu_link_background":"","ocean_menu_link_hover_background":"","ocean_menu_link_active_background":"","ocean_menu_social_links_bg":"","ocean_menu_social_hover_links_bg":"","ocean_menu_social_links_color":"","ocean_menu_social_hover_links_color":"","ocean_disable_title":"default","ocean_disable_heading":"default","ocean_post_title":"","ocean_post_subheading":"","ocean_post_title_style":"","ocean_post_title_background_color":"","ocean_post_title_background":0,"ocean_post_title_bg_image_position":"","ocean_post_title_bg_image_attachment":"","ocean_post_title_bg_image_repeat":"","ocean_post_title_bg_image_size":"","ocean_post_title_height":0,"ocean_post_title_bg_overlay":0.5,"ocean_post_title_bg_overlay_color":"","ocean_disable_breadcrumbs":"default","ocean_breadcrumbs_color":"","ocean_breadcrumbs_separator_color":"","ocean_breadcrumbs_links_color":"","ocean_breadcrumbs_links_hover_color":"","ocean_display_footer_widgets":"default","ocean_display_footer_bottom":"default","ocean_custom_footer_template":"","footnotes":""},"class_list":["post-1095","page","type-page","status-publish","hentry","entry"],"acf":[],"_links":{"self":[{"href":"https:\/\/www.mgv-hainchen.de\/site\/index.php?rest_route=\/wp\/v2\/pages\/1095","targetHints":{"allow":["GET"]}}],"collection":[{"href":"https:\/\/www.mgv-hainchen.de\/site\/index.php?rest_route=\/wp\/v2\/pages"}],"about":[{"href":"https:\/\/www.mgv-hainchen.de\/site\/index.php?rest_route=\/wp\/v2\/types\/page"}],"author":[{"embeddable":true,"href":"https:\/\/www.mgv-hainchen.de\/site\/index.php?rest_route=\/wp\/v2\/users\/1"}],"replies":[{"embeddable":true,"href":"https:\/\/www.mgv-hainchen.de\/site\/index.php?rest_route=%2Fwp%2Fv2%2Fcomments&post=1095"}],"version-history":[{"count":115,"href":"https:\/\/www.mgv-hainchen.de\/site\/index.php?rest_route=\/wp\/v2\/pages\/1095\/revisions"}],"predecessor-version":[{"id":1766,"href":"https:\/\/www.mgv-hainchen.de\/site\/index.php?rest_route=\/wp\/v2\/pages\/1095\/revisions\/1766"}],"wp:attachment":[{"href":"https:\/\/www.mgv-hainchen.de\/site\/index.php?rest_route=%2Fwp%2Fv2%2Fmedia&parent=1095"}],"curies":[{"name":"wp","href":"https:\/\/api.w.org\/{rel}","templated":true}]}}